{"id":3688,"date":"2024-10-21T09:54:05","date_gmt":"2024-10-21T07:54:05","guid":{"rendered":"https:\/\/kos.pl\/nowa\/?page_id=3688"},"modified":"2025-09-30T09:33:04","modified_gmt":"2025-09-30T07:33:04","slug":"oferta","status":"publish","type":"page","link":"https:\/\/kos.pl\/index.php\/oferta\/","title":{"rendered":"Oferta"},"content":{"rendered":"\t\t<div data-elementor-type=\"wp-page\" data-elementor-id=\"3688\" class=\"elementor elementor-3688\">\n\t\t\t\t\t\t<section class=\"elementor-section elementor-top-section elementor-element elementor-element-4f17bf7 elementor-section-full_width elementor-section-height-default elementor-section-height-default\" data-id=\"4f17bf7\" data-element_type=\"section\" data-settings=\"{&quot;background_background&quot;:&quot;classic&quot;}\">\n\t\t\t\t\t\t<div class=\"elementor-container elementor-column-gap-no\">\n\t\t\t\t\t<div class=\"elementor-column elementor-col-100 elementor-top-column elementor-element elementor-element-0ecbeac\" data-id=\"0ecbeac\" data-element_type=\"column\">\n\t\t\t<div class=\"elementor-widget-wrap elementor-element-populated\">\n\t\t\t\t\t\t<div class=\"elementor-element elementor-element-ff12dcf elementor-widget elementor-widget-treck-service\" data-id=\"ff12dcf\" data-element_type=\"widget\" data-widget_type=\"treck-service.default\">\n\t\t\t\t<div class=\"elementor-widget-container\">\n\t\t\t\t\t\r\n\t<!--Coaching One Start-->\r\n\t<section class=\"coaching-one\">\r\n\t\t<div class=\"coaching-one__top\">\r\n\t\t\t<div class=\"container\">\r\n\t\t\t\t<div class=\"row\">\r\n\t\t\t\t\t<div class=\"col-xl-7 col-lg-6\">\r\n\t\t\t\t\t\t<div class=\"coaching-one__left\">\r\n\t\t\t\t\t\t\t<div class=\"section-title text-left\">\r\n\t\t\t\t\t\t\t\t<div class=\"section-title__tagline-box\">\r\n\t\t\t\t\t\t\t\t\t\t\t\t\t\t\t\t\t\t<div class=\"section-title__border-box\"><\/div>\r\n\t\t\t\t\t\t\t\t<\/div>\r\n\t\t\t\t\t\t\t\t\t\t\t\t\t\t\t<\/div>\r\n\t\t\t\t\t\t<\/div>\r\n\t\t\t\t\t<\/div>\r\n\t\t\t\t\t<div class=\"col-xl-5 col-lg-6\">\r\n\t\t\t\t\t\t<div class=\"coaching-one__right\">\r\n\t\t\t\t\t\t\t<p class=\"coaching-one__right\">Zapraszamy do zapoznania si\u0119 z nasz\u0105 bogat\u0105 ofert\u0105<\/p>\t\t\t\t\t\t<\/div>\r\n\t\t\t\t\t<\/div>\r\n\t\t\t\t<\/div>\r\n\t\t\t<\/div>\r\n\t\t<\/div>\r\n\t\t<div class=\"coaching-one__bottom\">\r\n\t\t\t<div class=\"container\">\r\n\t\t\t\t<div class=\"row\">\r\n\t\t\t\t\t\t\t\t\t\t\t<!--Coaching One Single Start-->\r\n\t\t\t\t\t\t<div class=\"col-xl-4 col-lg-6 col-md-6 wow fadeInUp\" data-wow-delay=\"100ms\">\r\n\t\t\t\t\t\t\t<div class=\"coaching-one__single\">\r\n\t\t\t\t\t\t\t\t<div class=\"coaching-one__img-box\">\r\n\t\t\t\t\t\t\t\t\t<div class=\"coaching-one__img\">\r\n\t\t\t\t\t\t\t\t\t\t<img decoding=\"async\" src=\"https:\/\/kos.pl\/wp-content\/uploads\/2025\/09\/menu_podtynkowe_o.jpg\" alt=\"menu_podtynkowe_o\" title=\"menu_podtynkowe_o\" >\t\t\t\t\t\t\t\t\t<\/div>\r\n\t\t\t\t\t\t\t\t\t<div class=\"coaching-one__content\">\r\n\t\t\t\t\t\t\t\t\t\t<div class=\"coaching-one__shape-1\">\r\n\t\t\t\t\t\t\t\t\t\t\t\t\t\t\t\t\t\t\t\t\t<\/div>\r\n\t\t\t\t\t\t\t\t\t\t<h3 class=\"coaching-one__title\">\r\n\t\t\t\t\t\t\t\t\t\t\t<a class=\"\" href=\"#\"  >+ SERIA <BR>PODTYNKOWA<\/a>\t\t\t\t\t\t\t\t\t\t<\/h3>\r\n\t\t\t\t\t\t\t\t\t\t<div class=\"coaching-one__arrow-box\">\r\n\t\t\t\t\t\t\t\t\t\t\t<a  href=\"#\" class=\"coaching-one__arrow\">\r\n\t\t\t\t\t\t\t\t\t\t\t\t<i aria-hidden=\"true\" class=\"  icon-up-right\"><\/i>\t\t\t\t\t\t\t\t\t\t\t<\/a>\r\n\t\t\t\t\t\t\t\t\t\t<\/div>\r\n\t\t\t\t\t\t\t\t\t<\/div>\r\n\t\t\t\t\t\t\t\t\t<div class=\"coaching-one__hover-content\">\r\n\t\t\t\t\t\t\t\t\t\t<div class=\"coaching-one__hover-shape-1\"><\/div>\r\n\t\t\t\t\t\t\t\t\t\t<div class=\"coaching-one__hover-icon\">\r\n\t\t\t\t\t\t\t\t\t\t\t\t\t\t\t\t\t\t\t\t\t<\/div>\r\n\t\t\t\t\t\t\t\t\t\t<h3 class=\"coaching-one__hover-title\">\r\n\t\t\t\t\t\t\t\t\t\t\t<a class=\" \" href=\"#\"  >+ SERIA <BR>PODTYNKOWA<\/a>\t\t\t\t\t\t\t\t\t\t<\/h3>\r\n\t\t\t\t\t\t\t\t\t\t<p class=\"coaching-one__hover-text\"><a href=\"https:\/\/kos.pl\/\/index.php\/dante\/\">+ DANTE<\/a><br>\n<a href=\"https:\/\/kos.pl\/\/index.php\/oferta\/serie-natynkowe\/vena\/\">+ VENA<\/a><br>\n<a href=\"https:\/\/kos.pl\/\/index.php\/oferta\/serie-natynkowe\/vena2\/\">+ VENA 2<\/a><br>\n<a href=\"https:\/\/kos.pl\/\/index.php\/oferta\/serie-natynkowe\/kos66\/\">+ KOS66<\/a><br>\n<a href=\"https:\/\/kos.pl\/\/index.php\/oferta\/serie-podtynkowe\/kos66-plus\/\">+ KOS66 PLUS<\/a><br>\n<a href=\"https:\/\/kos.pl\/\/index.php\/oferta\/serie-natynkowe\/kos1\/\">+ KOS1<\/a><br>\n<a href=\"https:\/\/kos.pl\/\/index.php\/oferta\/serie-natynkowe\/cosmo-line\/ \">+ COSMO<\/a><br>\n<\/p>\t\t\t\t\t\t\t\t\t\t<div class=\"coaching-one__hover-arrow-box\">\r\n\t\t\t\t\t\t\t\t\t\t\t<a href=\"#\" class=\"coaching-one__hover-arrow\">\r\n\t\t\t\t\t\t\t\t\t\t\t\t<i aria-hidden=\"true\" class=\"  icon-down\"><\/i>\t\t\t\t\t\t\t\t\t\t\t<\/a>\r\n\t\t\t\t\t\t\t\t\t\t<\/div>\r\n\t\t\t\t\t\t\t\t\t<\/div>\r\n\t\t\t\t\t\t\t\t<\/div>\r\n\t\t\t\t\t\t\t<\/div>\r\n\t\t\t\t\t\t<\/div>\r\n\t\t\t\t\t\t<!--Coaching One Single End-->\r\n\t\t\t\t\t\t\t\t\t\t\t<!--Coaching One Single Start-->\r\n\t\t\t\t\t\t<div class=\"col-xl-4 col-lg-6 col-md-6 wow fadeInUp\" data-wow-delay=\"200ms\">\r\n\t\t\t\t\t\t\t<div class=\"coaching-one__single\">\r\n\t\t\t\t\t\t\t\t<div class=\"coaching-one__img-box\">\r\n\t\t\t\t\t\t\t\t\t<div class=\"coaching-one__img\">\r\n\t\t\t\t\t\t\t\t\t\t<img decoding=\"async\" src=\"https:\/\/kos.pl\/wp-content\/uploads\/2025\/09\/menu_natynkowe_o.jpg\" alt=\"menu_natynkowe_o\" title=\"menu_natynkowe_o\" >\t\t\t\t\t\t\t\t\t<\/div>\r\n\t\t\t\t\t\t\t\t\t<div class=\"coaching-one__content\">\r\n\t\t\t\t\t\t\t\t\t\t<div class=\"coaching-one__shape-1\">\r\n\t\t\t\t\t\t\t\t\t\t\t\t\t\t\t\t\t\t\t\t\t<\/div>\r\n\t\t\t\t\t\t\t\t\t\t<h3 class=\"coaching-one__title\">\r\n\t\t\t\t\t\t\t\t\t\t\t<a class=\"  \" href=\"#\"  >SERIA <BR>NATYNKOWA<\/a>\t\t\t\t\t\t\t\t\t\t<\/h3>\r\n\t\t\t\t\t\t\t\t\t\t<div class=\"coaching-one__arrow-box\">\r\n\t\t\t\t\t\t\t\t\t\t\t<a  href=\"#\" class=\"coaching-one__arrow\">\r\n\t\t\t\t\t\t\t\t\t\t\t\t<i aria-hidden=\"true\" class=\"  icon-up-right\"><\/i>\t\t\t\t\t\t\t\t\t\t\t<\/a>\r\n\t\t\t\t\t\t\t\t\t\t<\/div>\r\n\t\t\t\t\t\t\t\t\t<\/div>\r\n\t\t\t\t\t\t\t\t\t<div class=\"coaching-one__hover-content\">\r\n\t\t\t\t\t\t\t\t\t\t<div class=\"coaching-one__hover-shape-1\"><\/div>\r\n\t\t\t\t\t\t\t\t\t\t<div class=\"coaching-one__hover-icon\">\r\n\t\t\t\t\t\t\t\t\t\t\t\t\t\t\t\t\t\t\t\t\t<\/div>\r\n\t\t\t\t\t\t\t\t\t\t<h3 class=\"coaching-one__hover-title\">\r\n\t\t\t\t\t\t\t\t\t\t\t<a class=\"   \" href=\"#\"  >SERIA <BR>NATYNKOWA<\/a>\t\t\t\t\t\t\t\t\t\t<\/h3>\r\n\t\t\t\t\t\t\t\t\t\t<p class=\"coaching-one__hover-text coaching-one__hover-text\"><a href=\"https:\/\/kos.pl\/\/index.php\/oferta\/serie-podtynkowe\/bryza\/\">+ BRYZA<\/a><br>\n<a href=\"https:\/\/kos.pl\/\/index.php\/oferta\/serie-podtynkowe\/hydro\/\">+ HYDRO<\/a><br>\n<\/p>\t\t\t\t\t\t\t\t\t\t<div class=\"coaching-one__hover-arrow-box\">\r\n\t\t\t\t\t\t\t\t\t\t\t<a href=\"#\" class=\"coaching-one__hover-arrow\">\r\n\t\t\t\t\t\t\t\t\t\t\t\t<i aria-hidden=\"true\" class=\"  icon-down\"><\/i>\t\t\t\t\t\t\t\t\t\t\t<\/a>\r\n\t\t\t\t\t\t\t\t\t\t<\/div>\r\n\t\t\t\t\t\t\t\t\t<\/div>\r\n\t\t\t\t\t\t\t\t<\/div>\r\n\t\t\t\t\t\t\t<\/div>\r\n\t\t\t\t\t\t<\/div>\r\n\t\t\t\t\t\t<!--Coaching One Single End-->\r\n\t\t\t\t\t\t\t\t\t\t\t<!--Coaching One Single Start-->\r\n\t\t\t\t\t\t<div class=\"col-xl-4 col-lg-6 col-md-6 wow fadeInUp\" data-wow-delay=\"300ms\">\r\n\t\t\t\t\t\t\t<div class=\"coaching-one__single\">\r\n\t\t\t\t\t\t\t\t<div class=\"coaching-one__img-box\">\r\n\t\t\t\t\t\t\t\t\t<div class=\"coaching-one__img\">\r\n\t\t\t\t\t\t\t\t\t\t<img decoding=\"async\" src=\"https:\/\/kos.pl\/wp-content\/uploads\/2025\/05\/oferta_wtynkowe.jpg\" alt=\"oferta_wtynkowe\" title=\"oferta_wtynkowe\" >\t\t\t\t\t\t\t\t\t<\/div>\r\n\t\t\t\t\t\t\t\t\t<div class=\"coaching-one__content\">\r\n\t\t\t\t\t\t\t\t\t\t<div class=\"coaching-one__shape-1\">\r\n\t\t\t\t\t\t\t\t\t\t\t\t\t\t\t\t\t\t\t\t\t<\/div>\r\n\t\t\t\t\t\t\t\t\t\t<h3 class=\"coaching-one__title\">\r\n\t\t\t\t\t\t\t\t\t\t\t<a class=\"    \" href=\"#\"  >SERIA <BR>WTYNKOWA<\/a>\t\t\t\t\t\t\t\t\t\t<\/h3>\r\n\t\t\t\t\t\t\t\t\t\t<div class=\"coaching-one__arrow-box\">\r\n\t\t\t\t\t\t\t\t\t\t\t<a  href=\"#\" class=\"coaching-one__arrow\">\r\n\t\t\t\t\t\t\t\t\t\t\t\t<i aria-hidden=\"true\" class=\"  icon-up-right\"><\/i>\t\t\t\t\t\t\t\t\t\t\t<\/a>\r\n\t\t\t\t\t\t\t\t\t\t<\/div>\r\n\t\t\t\t\t\t\t\t\t<\/div>\r\n\t\t\t\t\t\t\t\t\t<div class=\"coaching-one__hover-content\">\r\n\t\t\t\t\t\t\t\t\t\t<div class=\"coaching-one__hover-shape-1\"><\/div>\r\n\t\t\t\t\t\t\t\t\t\t<div class=\"coaching-one__hover-icon\">\r\n\t\t\t\t\t\t\t\t\t\t\t\t\t\t\t\t\t\t\t\t\t<\/div>\r\n\t\t\t\t\t\t\t\t\t\t<h3 class=\"coaching-one__hover-title\">\r\n\t\t\t\t\t\t\t\t\t\t\t<a class=\"     \" href=\"#\"  >SERIA <BR>WTYNKOWA<\/a>\t\t\t\t\t\t\t\t\t\t<\/h3>\r\n\t\t\t\t\t\t\t\t\t\t<p class=\"coaching-one__hover-text coaching-one__hover-text coaching-one__hover-text\"><a href=\"https:\/\/kos.pl\/\/index.php\/oferta\/serie-wtynkowe\/trol\/\">+ TROL<\/a><br>\n<\/p>\t\t\t\t\t\t\t\t\t\t<div class=\"coaching-one__hover-arrow-box\">\r\n\t\t\t\t\t\t\t\t\t\t\t<a href=\"#\" class=\"coaching-one__hover-arrow\">\r\n\t\t\t\t\t\t\t\t\t\t\t\t<i aria-hidden=\"true\" class=\"  icon-down\"><\/i>\t\t\t\t\t\t\t\t\t\t\t<\/a>\r\n\t\t\t\t\t\t\t\t\t\t<\/div>\r\n\t\t\t\t\t\t\t\t\t<\/div>\r\n\t\t\t\t\t\t\t\t<\/div>\r\n\t\t\t\t\t\t\t<\/div>\r\n\t\t\t\t\t\t<\/div>\r\n\t\t\t\t\t\t<!--Coaching One Single End-->\r\n\t\t\t\t\t\t\t\t\t\t\t<!--Coaching One Single Start-->\r\n\t\t\t\t\t\t<div class=\"col-xl-4 col-lg-6 col-md-6 wow fadeInUp\" data-wow-delay=\"400ms\">\r\n\t\t\t\t\t\t\t<div class=\"coaching-one__single\">\r\n\t\t\t\t\t\t\t\t<div class=\"coaching-one__img-box\">\r\n\t\t\t\t\t\t\t\t\t<div class=\"coaching-one__img\">\r\n\t\t\t\t\t\t\t\t\t\t<img decoding=\"async\" src=\"https:\/\/kos.pl\/wp-content\/uploads\/2025\/09\/menu_modulowe_o.jpg\" alt=\"menu_modulowe_o\" title=\"menu_modulowe_o\" >\t\t\t\t\t\t\t\t\t<\/div>\r\n\t\t\t\t\t\t\t\t\t<div class=\"coaching-one__content\">\r\n\t\t\t\t\t\t\t\t\t\t<div class=\"coaching-one__shape-1\">\r\n\t\t\t\t\t\t\t\t\t\t\t\t\t\t\t\t\t\t\t\t\t<\/div>\r\n\t\t\t\t\t\t\t\t\t\t<h3 class=\"coaching-one__title\">\r\n\t\t\t\t\t\t\t\t\t\t\t<a class=\"      \" href=\"#\"  >SERIA <BR>MODU\u0141OWA<\/a>\t\t\t\t\t\t\t\t\t\t<\/h3>\r\n\t\t\t\t\t\t\t\t\t\t<div class=\"coaching-one__arrow-box\">\r\n\t\t\t\t\t\t\t\t\t\t\t<a  href=\"#\" class=\"coaching-one__arrow\">\r\n\t\t\t\t\t\t\t\t\t\t\t\t<i aria-hidden=\"true\" class=\"  icon-up-right\"><\/i>\t\t\t\t\t\t\t\t\t\t\t<\/a>\r\n\t\t\t\t\t\t\t\t\t\t<\/div>\r\n\t\t\t\t\t\t\t\t\t<\/div>\r\n\t\t\t\t\t\t\t\t\t<div class=\"coaching-one__hover-content\">\r\n\t\t\t\t\t\t\t\t\t\t<div class=\"coaching-one__hover-shape-1\"><\/div>\r\n\t\t\t\t\t\t\t\t\t\t<div class=\"coaching-one__hover-icon\">\r\n\t\t\t\t\t\t\t\t\t\t\t\t\t\t\t\t\t\t\t\t\t<\/div>\r\n\t\t\t\t\t\t\t\t\t\t<h3 class=\"coaching-one__hover-title\">\r\n\t\t\t\t\t\t\t\t\t\t\t<a class=\"       \" href=\"#\"  >SERIA <BR>MODU\u0141OWA<\/a>\t\t\t\t\t\t\t\t\t\t<\/h3>\r\n\t\t\t\t\t\t\t\t\t\t<p class=\"coaching-one__hover-text coaching-one__hover-text coaching-one__hover-text coaching-one__hover-text\"><a href=\"https:\/\/kos.pl\/\/index.php\/oferta\/seria-modulowa\/kos45\/\">+ KOS45<\/a><br>\n<\/p>\t\t\t\t\t\t\t\t\t\t<div class=\"coaching-one__hover-arrow-box\">\r\n\t\t\t\t\t\t\t\t\t\t\t<a href=\"#\" class=\"coaching-one__hover-arrow\">\r\n\t\t\t\t\t\t\t\t\t\t\t\t<i aria-hidden=\"true\" class=\"  icon-down\"><\/i>\t\t\t\t\t\t\t\t\t\t\t<\/a>\r\n\t\t\t\t\t\t\t\t\t\t<\/div>\r\n\t\t\t\t\t\t\t\t\t<\/div>\r\n\t\t\t\t\t\t\t\t<\/div>\r\n\t\t\t\t\t\t\t<\/div>\r\n\t\t\t\t\t\t<\/div>\r\n\t\t\t\t\t\t<!--Coaching One Single End-->\r\n\t\t\t\t\t\t\t\t\t\t\t<!--Coaching One Single Start-->\r\n\t\t\t\t\t\t<div class=\"col-xl-4 col-lg-6 col-md-6 wow fadeInUp\" data-wow-delay=\"500ms\">\r\n\t\t\t\t\t\t\t<div class=\"coaching-one__single\">\r\n\t\t\t\t\t\t\t\t<div class=\"coaching-one__img-box\">\r\n\t\t\t\t\t\t\t\t\t<div class=\"coaching-one__img\">\r\n\t\t\t\t\t\t\t\t\t\t<img decoding=\"async\" src=\"https:\/\/kos.pl\/wp-content\/uploads\/2025\/05\/oferta_uzupelniajace.jpg\" alt=\"oferta_uzupelniajace\" title=\"oferta_uzupelniajace\" >\t\t\t\t\t\t\t\t\t<\/div>\r\n\t\t\t\t\t\t\t\t\t<div class=\"coaching-one__content\">\r\n\t\t\t\t\t\t\t\t\t\t<div class=\"coaching-one__shape-1\">\r\n\t\t\t\t\t\t\t\t\t\t\t\t\t\t\t\t\t\t\t\t\t<\/div>\r\n\t\t\t\t\t\t\t\t\t\t<h3 class=\"coaching-one__title\">\r\n\t\t\t\t\t\t\t\t\t\t\t<a class=\"        \" href=\"https:\/\/kos.pl\/index.php\/oferta\/serie-uzupelniajace\/\"  >SERIA <BR>UZUPE\u0141NIAJ\u0104CE<\/a>\t\t\t\t\t\t\t\t\t\t<\/h3>\r\n\t\t\t\t\t\t\t\t\t\t<div class=\"coaching-one__arrow-box\">\r\n\t\t\t\t\t\t\t\t\t\t\t<a  href=\"https:\/\/kos.pl\/index.php\/oferta\/serie-uzupelniajace\/\" class=\"coaching-one__arrow\">\r\n\t\t\t\t\t\t\t\t\t\t\t\t<i aria-hidden=\"true\" class=\"  icon-up-right\"><\/i>\t\t\t\t\t\t\t\t\t\t\t<\/a>\r\n\t\t\t\t\t\t\t\t\t\t<\/div>\r\n\t\t\t\t\t\t\t\t\t<\/div>\r\n\t\t\t\t\t\t\t\t\t<div class=\"coaching-one__hover-content\">\r\n\t\t\t\t\t\t\t\t\t\t<div class=\"coaching-one__hover-shape-1\"><\/div>\r\n\t\t\t\t\t\t\t\t\t\t<div class=\"coaching-one__hover-icon\">\r\n\t\t\t\t\t\t\t\t\t\t\t\t\t\t\t\t\t\t\t\t\t<\/div>\r\n\t\t\t\t\t\t\t\t\t\t<h3 class=\"coaching-one__hover-title\">\r\n\t\t\t\t\t\t\t\t\t\t\t<a class=\"         \" href=\"https:\/\/kos.pl\/index.php\/oferta\/serie-uzupelniajace\/\"  >SERIA <BR>UZUPE\u0141NIAJ\u0104CE<\/a>\t\t\t\t\t\t\t\t\t\t<\/h3>\r\n\t\t\t\t\t\t\t\t\t\t<p class=\"coaching-one__hover-text coaching-one__hover-text coaching-one__hover-text coaching-one__hover-text coaching-one__hover-text\"><a href=\"https:\/\/kos.pl\/\/index.php\/oferta\/serie-uzupelniajace\/power\/\">+ POWER<\/a><br>\n<a href=\"https:\/\/kos.pl\/\/index.php\/oferta\/puszki\/\">+ PUSZKI<\/a><br>\n<\/p>\t\t\t\t\t\t\t\t\t\t<div class=\"coaching-one__hover-arrow-box\">\r\n\t\t\t\t\t\t\t\t\t\t\t<a href=\"https:\/\/kos.pl\/index.php\/oferta\/serie-uzupelniajace\/\" class=\"coaching-one__hover-arrow\">\r\n\t\t\t\t\t\t\t\t\t\t\t\t<i aria-hidden=\"true\" class=\"  icon-down\"><\/i>\t\t\t\t\t\t\t\t\t\t\t<\/a>\r\n\t\t\t\t\t\t\t\t\t\t<\/div>\r\n\t\t\t\t\t\t\t\t\t<\/div>\r\n\t\t\t\t\t\t\t\t<\/div>\r\n\t\t\t\t\t\t\t<\/div>\r\n\t\t\t\t\t\t<\/div>\r\n\t\t\t\t\t\t<!--Coaching One Single End-->\r\n\t\t\t\t\t\t\t\t\t\t\t<!--Coaching One Single Start-->\r\n\t\t\t\t\t\t<div class=\"col-xl-4 col-lg-6 col-md-6 wow fadeInUp\" data-wow-delay=\"600ms\">\r\n\t\t\t\t\t\t\t<div class=\"coaching-one__single\">\r\n\t\t\t\t\t\t\t\t<div class=\"coaching-one__img-box\">\r\n\t\t\t\t\t\t\t\t\t<div class=\"coaching-one__img\">\r\n\t\t\t\t\t\t\t\t\t\t<img decoding=\"async\" src=\"https:\/\/kos.pl\/wp-content\/uploads\/2025\/05\/oferta_puszki-1.jpg\" alt=\"oferta_puszki-1\" title=\"oferta_puszki-1\" >\t\t\t\t\t\t\t\t\t<\/div>\r\n\t\t\t\t\t\t\t\t\t<div class=\"coaching-one__content\">\r\n\t\t\t\t\t\t\t\t\t\t<div class=\"coaching-one__shape-1\">\r\n\t\t\t\t\t\t\t\t\t\t\t\t\t\t\t\t\t\t\t\t\t<\/div>\r\n\t\t\t\t\t\t\t\t\t\t<h3 class=\"coaching-one__title\">\r\n\t\t\t\t\t\t\t\t\t\t\t<a class=\"          \" href=\"https:\/\/kos.pl\/index.php\/oferta\/puszki\/\"  >+ PUSZKI<BR><BR><\/a>\t\t\t\t\t\t\t\t\t\t<\/h3>\r\n\t\t\t\t\t\t\t\t\t\t<div class=\"coaching-one__arrow-box\">\r\n\t\t\t\t\t\t\t\t\t\t\t<a  href=\"https:\/\/kos.pl\/index.php\/oferta\/puszki\/\" class=\"coaching-one__arrow\">\r\n\t\t\t\t\t\t\t\t\t\t\t\t<i aria-hidden=\"true\" class=\"  icon-up-right\"><\/i>\t\t\t\t\t\t\t\t\t\t\t<\/a>\r\n\t\t\t\t\t\t\t\t\t\t<\/div>\r\n\t\t\t\t\t\t\t\t\t<\/div>\r\n\t\t\t\t\t\t\t\t\t<div class=\"coaching-one__hover-content\">\r\n\t\t\t\t\t\t\t\t\t\t<div class=\"coaching-one__hover-shape-1\"><\/div>\r\n\t\t\t\t\t\t\t\t\t\t<div class=\"coaching-one__hover-icon\">\r\n\t\t\t\t\t\t\t\t\t\t\t\t\t\t\t\t\t\t\t\t\t<\/div>\r\n\t\t\t\t\t\t\t\t\t\t<h3 class=\"coaching-one__hover-title\">\r\n\t\t\t\t\t\t\t\t\t\t\t<a class=\"           \" href=\"https:\/\/kos.pl\/index.php\/oferta\/puszki\/\"  >+ PUSZKI<BR><BR><\/a>\t\t\t\t\t\t\t\t\t\t<\/h3>\r\n\t\t\t\t\t\t\t\t\t\t\t\t\t\t\t\t\t\t\t\t<div class=\"coaching-one__hover-arrow-box\">\r\n\t\t\t\t\t\t\t\t\t\t\t<a href=\"https:\/\/kos.pl\/index.php\/oferta\/puszki\/\" class=\"coaching-one__hover-arrow\">\r\n\t\t\t\t\t\t\t\t\t\t\t\t<i aria-hidden=\"true\" class=\"  icon-down\"><\/i>\t\t\t\t\t\t\t\t\t\t\t<\/a>\r\n\t\t\t\t\t\t\t\t\t\t<\/div>\r\n\t\t\t\t\t\t\t\t\t<\/div>\r\n\t\t\t\t\t\t\t\t<\/div>\r\n\t\t\t\t\t\t\t<\/div>\r\n\t\t\t\t\t\t<\/div>\r\n\t\t\t\t\t\t<!--Coaching One Single End-->\r\n\t\t\t\t\t\t\t\t\t\t\t<!--Coaching One Single Start-->\r\n\t\t\t\t\t\t<div class=\"col-xl-4 col-lg-6 col-md-6 wow fadeInUp\" data-wow-delay=\"700ms\">\r\n\t\t\t\t\t\t\t<div class=\"coaching-one__single\">\r\n\t\t\t\t\t\t\t\t<div class=\"coaching-one__img-box\">\r\n\t\t\t\t\t\t\t\t\t<div class=\"coaching-one__img\">\r\n\t\t\t\t\t\t\t\t\t\t<img decoding=\"async\" src=\"https:\/\/kos.pl\/wp-content\/uploads\/2025\/09\/menu_promocje_o.jpg\" alt=\"menu_promocje_o\" title=\"menu_promocje_o\" >\t\t\t\t\t\t\t\t\t<\/div>\r\n\t\t\t\t\t\t\t\t\t<div class=\"coaching-one__content\">\r\n\t\t\t\t\t\t\t\t\t\t<div class=\"coaching-one__shape-1\">\r\n\t\t\t\t\t\t\t\t\t\t\t\t\t\t\t\t\t\t\t\t\t<\/div>\r\n\t\t\t\t\t\t\t\t\t\t<h3 class=\"coaching-one__title\">\r\n\t\t\t\t\t\t\t\t\t\t\t<a class=\"            \" href=\"#\"  >PROMOCJE <BR><BR><\/a>\t\t\t\t\t\t\t\t\t\t<\/h3>\r\n\t\t\t\t\t\t\t\t\t\t<div class=\"coaching-one__arrow-box\">\r\n\t\t\t\t\t\t\t\t\t\t\t<a  href=\"#\" class=\"coaching-one__arrow\">\r\n\t\t\t\t\t\t\t\t\t\t\t\t<i aria-hidden=\"true\" class=\"  icon-up-right\"><\/i>\t\t\t\t\t\t\t\t\t\t\t<\/a>\r\n\t\t\t\t\t\t\t\t\t\t<\/div>\r\n\t\t\t\t\t\t\t\t\t<\/div>\r\n\t\t\t\t\t\t\t\t\t<div class=\"coaching-one__hover-content\">\r\n\t\t\t\t\t\t\t\t\t\t<div class=\"coaching-one__hover-shape-1\"><\/div>\r\n\t\t\t\t\t\t\t\t\t\t<div class=\"coaching-one__hover-icon\">\r\n\t\t\t\t\t\t\t\t\t\t\t\t\t\t\t\t\t\t\t\t\t<\/div>\r\n\t\t\t\t\t\t\t\t\t\t<h3 class=\"coaching-one__hover-title\">\r\n\t\t\t\t\t\t\t\t\t\t\t<a class=\"             \" href=\"#\"  >PROMOCJE <BR><BR><\/a>\t\t\t\t\t\t\t\t\t\t<\/h3>\r\n\t\t\t\t\t\t\t\t\t\t<p class=\"coaching-one__hover-text coaching-one__hover-text coaching-one__hover-text coaching-one__hover-text coaching-one__hover-text coaching-one__hover-text\"><a href=\"#\">POWER<\/a><br>\n<\/p>\t\t\t\t\t\t\t\t\t\t<div class=\"coaching-one__hover-arrow-box\">\r\n\t\t\t\t\t\t\t\t\t\t\t<a href=\"#\" class=\"coaching-one__hover-arrow\">\r\n\t\t\t\t\t\t\t\t\t\t\t\t<i aria-hidden=\"true\" class=\"  icon-down\"><\/i>\t\t\t\t\t\t\t\t\t\t\t<\/a>\r\n\t\t\t\t\t\t\t\t\t\t<\/div>\r\n\t\t\t\t\t\t\t\t\t<\/div>\r\n\t\t\t\t\t\t\t\t<\/div>\r\n\t\t\t\t\t\t\t<\/div>\r\n\t\t\t\t\t\t<\/div>\r\n\t\t\t\t\t\t<!--Coaching One Single End-->\r\n\t\t\t\t\t\t\t\t\t\t\t<!--Coaching One Single Start-->\r\n\t\t\t\t\t\t<div class=\"col-xl-4 col-lg-6 col-md-6 wow fadeInUp\" data-wow-delay=\"800ms\">\r\n\t\t\t\t\t\t\t<div class=\"coaching-one__single\">\r\n\t\t\t\t\t\t\t\t<div class=\"coaching-one__img-box\">\r\n\t\t\t\t\t\t\t\t\t<div class=\"coaching-one__img\">\r\n\t\t\t\t\t\t\t\t\t\t<img decoding=\"async\" src=\"https:\/\/kos.pl\/wp-content\/uploads\/2025\/09\/menu_nowosci_o.jpg\" alt=\"menu_nowosci_o\" title=\"menu_nowosci_o\" >\t\t\t\t\t\t\t\t\t<\/div>\r\n\t\t\t\t\t\t\t\t\t<div class=\"coaching-one__content\">\r\n\t\t\t\t\t\t\t\t\t\t<div class=\"coaching-one__shape-1\">\r\n\t\t\t\t\t\t\t\t\t\t\t\t\t\t\t\t\t\t\t\t\t<\/div>\r\n\t\t\t\t\t\t\t\t\t\t<h3 class=\"coaching-one__title\">\r\n\t\t\t\t\t\t\t\t\t\t\t<a class=\"              \" href=\"#\"  >NOWO\u015aCI<BR><BR><\/a>\t\t\t\t\t\t\t\t\t\t<\/h3>\r\n\t\t\t\t\t\t\t\t\t\t<div class=\"coaching-one__arrow-box\">\r\n\t\t\t\t\t\t\t\t\t\t\t<a  href=\"#\" class=\"coaching-one__arrow\">\r\n\t\t\t\t\t\t\t\t\t\t\t\t<i aria-hidden=\"true\" class=\"  icon-up-right\"><\/i>\t\t\t\t\t\t\t\t\t\t\t<\/a>\r\n\t\t\t\t\t\t\t\t\t\t<\/div>\r\n\t\t\t\t\t\t\t\t\t<\/div>\r\n\t\t\t\t\t\t\t\t\t<div class=\"coaching-one__hover-content\">\r\n\t\t\t\t\t\t\t\t\t\t<div class=\"coaching-one__hover-shape-1\"><\/div>\r\n\t\t\t\t\t\t\t\t\t\t<div class=\"coaching-one__hover-icon\">\r\n\t\t\t\t\t\t\t\t\t\t\t\t\t\t\t\t\t\t\t\t\t<\/div>\r\n\t\t\t\t\t\t\t\t\t\t<h3 class=\"coaching-one__hover-title\">\r\n\t\t\t\t\t\t\t\t\t\t\t<a class=\"               \" href=\"#\"  >NOWO\u015aCI<BR><BR><\/a>\t\t\t\t\t\t\t\t\t\t<\/h3>\r\n\t\t\t\t\t\t\t\t\t\t<p class=\"coaching-one__hover-text coaching-one__hover-text coaching-one__hover-text coaching-one__hover-text coaching-one__hover-text coaching-one__hover-text coaching-one__hover-text\">\n<\/p>\t\t\t\t\t\t\t\t\t\t<div class=\"coaching-one__hover-arrow-box\">\r\n\t\t\t\t\t\t\t\t\t\t\t<a href=\"#\" class=\"coaching-one__hover-arrow\">\r\n\t\t\t\t\t\t\t\t\t\t\t\t<i aria-hidden=\"true\" class=\"  icon-down\"><\/i>\t\t\t\t\t\t\t\t\t\t\t<\/a>\r\n\t\t\t\t\t\t\t\t\t\t<\/div>\r\n\t\t\t\t\t\t\t\t\t<\/div>\r\n\t\t\t\t\t\t\t\t<\/div>\r\n\t\t\t\t\t\t\t<\/div>\r\n\t\t\t\t\t\t<\/div>\r\n\t\t\t\t\t\t<!--Coaching One Single End-->\r\n\t\t\t\t\t\t\t\t\t<\/div>\r\n\t\t\t<\/div>\r\n\t\t<\/div>\r\n\t<\/section>\r\n\t<!--Coaching One End-->\r\n\r\n\t\t\t\t<\/div>\n\t\t\t\t<\/div>\n\t\t\t\t\t<\/div>\n\t\t<\/div>\n\t\t\t\t\t<\/div>\n\t\t<\/section>\n\t\t\t\t<\/div>\n\t\t","protected":false},"excerpt":{"rendered":"<p>Zapraszamy do zapoznania si\u0119 z nasz\u0105 bogat\u0105 ofert\u0105 + SERIA PODTYNKOWA + SERIA PODTYNKOWA + DANTE + VENA + VENA 2 + KOS66 + KOS66 PLUS + KOS1 + COSMO SERIA NATYNKOWA SERIA NATYNKOWA + BRYZA + HYDRO SERIA WTYNKOWA SERIA WTYNKOWA + TROL SERIA MODU\u0141OWA SERIA MODU\u0141OWA + KOS45 SERIA UZUPE\u0141NIAJ\u0104CE SERIA UZUPE\u0141NIAJ\u0104CE + [&hellip;]<\/p>\n","protected":false},"author":1,"featured_media":0,"parent":0,"menu_order":0,"comment_status":"closed","ping_status":"closed","template":"elementor_header_footer","meta":{"footnotes":""},"class_list":["post-3688","page","type-page","status-publish","hentry"],"_links":{"self":[{"href":"https:\/\/kos.pl\/index.php\/wp-json\/wp\/v2\/pages\/3688","targetHints":{"allow":["GET"]}}],"collection":[{"href":"https:\/\/kos.pl\/index.php\/wp-json\/wp\/v2\/pages"}],"about":[{"href":"https:\/\/kos.pl\/index.php\/wp-json\/wp\/v2\/types\/page"}],"author":[{"embeddable":true,"href":"https:\/\/kos.pl\/index.php\/wp-json\/wp\/v2\/users\/1"}],"replies":[{"embeddable":true,"href":"https:\/\/kos.pl\/index.php\/wp-json\/wp\/v2\/comments?post=3688"}],"version-history":[{"count":22,"href":"https:\/\/kos.pl\/index.php\/wp-json\/wp\/v2\/pages\/3688\/revisions"}],"predecessor-version":[{"id":19791,"href":"https:\/\/kos.pl\/index.php\/wp-json\/wp\/v2\/pages\/3688\/revisions\/19791"}],"wp:attachment":[{"href":"https:\/\/kos.pl\/index.php\/wp-json\/wp\/v2\/media?parent=3688"}],"curies":[{"name":"wp","href":"https:\/\/api.w.org\/{rel}","templated":true}]}}